961389?
7, 330851627
What are the prime factors of 1453361049?
3, 7, 149, 17203
List the prime factors of 1982477012.
2, 9433, 52541
What are the prime factors of 616533291?
3, 11, 131, 137, 347
What are the prime factors of 85917819?
3, 13, 619, 3559
List the prime factors of 43237316.
2, 73, 148073
List the prime factors of 457879416.
2, 3, 19078309
List the prime factors of 533228855.
5, 106645771
List the prime factors of 172010053.
172010053
List the prime factors of 81016245.
3, 5, 1800361
List the prime factors of 555031707.
3, 83, 2229043
List the prime factors of 97218962.
2, 29, 601, 2789
List the prime factors of 2752191055.
5, 89, 69491
List the prime factors of 2237690451.
3, 101, 7385117
What are the prime factors of 11393455?
5, 2278691
List the prime factors of 56816639.
11, 499, 941
List the prime factors of 169390764.
2, 3, 522811
List the prime factors of 697071444.
2, 3, 58089287
What are the prime factors of 3647252807?
11, 23, 2111, 6829
List the prime factors of 7005002820.
2, 3, 5, 23, 5076089
What are the prime factors of 51601999?
1951, 26449
What are the prime factors of 361772513?
1019, 355027
List the prime factors of 2605898604.
2, 3, 37, 163, 36007
List the prime factors of 462685883.
11, 42062353
What are the prime factors of 22846080?
2, 3, 5, 73, 163
What are the prime factors of 734008538?
2, 43, 8534983
List the prime factors of 45863526.
2, 3, 1901, 4021
What are the prime factors of 106143243?
3, 443, 79867
What are the prime factors of 21495673?
21495673
What are the prime factors of 101241966?
2, 3, 7, 2410523
List the prime factors of 555494636.
2, 211, 658169
What are the prime factors of 1951793223?
3, 83, 7838527
List the prime factors of 1205061966.
2, 3, 17, 19, 207269
What are the prime factors of 607929439?
13, 173, 270311
List the prime factors of 275459967.
3, 19, 59, 479
What are the prime factors of 76277968?
2, 13, 366721
What are the prime factors of 4741775614?
2, 577, 4108991
What are the prime factors of 934283376?
2, 3, 13, 67, 191
List the prime factors of 388096383.
3, 17, 107, 71119
What are the prime factors of 30083583?
3, 1451, 6911
What are the prime factors of 197837499?
3, 53, 1244261
List the prime factors of 114393085.
5, 17, 37, 36373
List the prime factors of 204227028.
2, 3, 23, 82217
What are the prime factors of 56133002?
2, 31, 67, 13513
What are the prime factors of 233245425?
3, 5, 7, 19, 67, 349
What are the prime factors of 91712348?
2, 7, 13, 17, 14821
List the prime factors of 136593990.
2, 3, 5, 13, 116747
What are the prime factors of 313202881?
281, 1114601
List the prime factors of 2056780715.
5, 11, 31, 1206323
List the prime factors of 71253635.
5, 179, 79613
What are the prime factors of 115348774?
2, 17, 541, 6271
What are the prime factors of 1801733502?
2, 3, 300288917
What are the prime factors of 34499801?
7, 19, 259397
List the prime factors of 341171557.
341171557
List the prime factors of 201066592.
2, 6283331
What are the prime factors of 101003989?
127, 795307
List the prime factors of 25185833.
29, 191, 4547
List the prime factors of 43374539.
13, 71, 46993
List the prime factors of 2926816.
2, 91463
What are the prime factors of 77342166?
2, 3, 11, 47, 8311
What are the prime factors of 60492974?
2, 30246487
List the prime factors of 32620715.
5, 373, 17491
What are the prime factors of 137185272?
2, 3, 7, 90731
What are the prime factors of 260725303?
260725303
List the prime factors of 258917751.
3, 28768639
List the prime factors of 21507452.
2, 41, 131143
What are the prime factors of 178558060?
2, 5, 53, 168451
List the prime factors of 113292177.
3, 37764059
What are the prime factors of 1652300685?
3, 5, 7, 317, 16547
What are the prime factors of 1052419094?
2, 19441, 27067
List the prime factors of 1674180853.
1674180853
What are the prime factors of 230213629?
29, 1427, 5563
What are the prime factors of 38204635?
5, 7, 1091561
What are the prime factors of 5000116648?
2, 23, 3121, 8707
What are the prime factors of 2518686672?
2, 3, 139, 227, 1663
List the prime factors of 4424633544.
2, 3, 139, 383, 3463
What are the prime factors of 197498820?
2, 3, 5, 3291647
What are the prime factors of 5373719380?
2, 5, 17, 2111, 7487
What are the prime factors of 34583076?
2, 3, 11, 23, 3797
List the prime factors of 48595440.
2, 3, 5, 202481
What are the prime factors of 2612610920?
2, 5, 83, 786931
What are the prime factors of 1415382797?
43, 32915879
List the prime factors of 6269491090.
2, 5, 13313, 47093
List the prime factors of 19228565.
5, 73, 139, 379
List the prime factors of 424130183.
379, 1119077
What are the prime factors of 706574254?
2, 353287127
List the prime factors of 1250257908.
2, 3, 59, 1765901
What are the prime factors of 4584088707?
3, 11, 138911779
List the prime factors of 16251829.
11, 71, 20809
What are the prime factors of 2527375203?
3, 107, 32401
List the prime factors of 103424492.
2, 25856123
List the prime factors of 2561224379.
7, 163, 2244719
What are the prime factors of 1994483274?
2, 3, 7, 911, 52127
What are the prime factors of 3192585354?
2, 3, 7, 2815331
List the prime factors of 24989249.
24989249
What are the prime factors of 605421?
3, 17, 1319
List the prime factors of 1151693112.
2, 3, 281, 170773
What are the prime factors of 391654139?
37, 10585247
List the prime factors of 191115537.
3, 419, 152041
List the prime factors of 1460960561.
43, 233, 145819
List the prime factors of 205220961.
3, 11, 31, 6079
What are the prime factors of 2839475496?
2, 3, 11, 13, 241, 3433
What are the prime factors of 5092679545?
5, 17, 349, 171673
List the prime factors of 2362135999.
271, 1559, 5591
List the prime factors of 1191281503.
43, 701, 39521
What are the prime factors of 321162747?
3, 107, 1000507
What are the prime factors of 427752680?
2, 5, 461, 23197
List the prime factors of 29945185.
5, 229, 26153
What are the prime factors of 7437485?
5, 11, 29, 4663
List the prime factors of 576637081.
1013, 569237
What are the prime factors of 660488761?
199, 3319039
List the prime factors of 125283388.
2, 47, 257, 2593
What are the prime factors of 85783291?
11, 107, 72883
List the prime factors of 313172345.
5, 19, 3296551
List the prime factors of 1095744739.
1009, 1085971
What are the prime factors of 892739162?
2, 7, 149, 427967
What are the prime factors of 92370776?
2, 577, 20011
List the prime factors of 95587224.
2, 3, 3982801
List the prime factors of 28271949.
3, 53, 177811
List the prime factors of 59152771.
101, 585671
List the prime factors of 25533390.
2, 3, 5, 851113
List the prime factors of 2820573.
3, 7, 44771
List the prime factors of 196057257.
3, 11, 19, 47, 6653
What are the prime factors of 3519581171?
3571, 985601
List the prime factors of 99961441.
99961441
List the prime factors of 1621197827.
1453, 1115759
What are the prime factors of 41067265?
5, 19, 432287
What are the prime factors of 25635827?
7, 89, 41149
What are the prime factors of 648084822?
2, 3, 7, 11, 31, 37, 1223
List the prime factors of 10785210.
2, 3, 5, 31, 11597
What are the prime factors of 116866285?
5, 3671, 6367
What are the prime factors of 137125629?
3, 137, 1373
What are the prime factors of 1623677852?
2, 405919463
What are the prime factors of 823717435?
5, 397, 414971
List the prime factors of 1103851762.
2, 13, 42455837
List the prime factors of 1489553153.
11, 43, 541, 5821
What are the prime factors of 118948873?
19, 6260467
What are the prime factors of 231231351?
3, 13, 23, 257783
List the prime factors of 1153972188.
2, 3, 131, 179, 1367
What are the prime factors of 91073386?
2, 17, 2678629
List the prime factors of 94828176.
2, 3, 17, 38737
What are the prime factors of 67271275?
5, 2690851
What are the prime factors of 716048807?
47, 15235081
What are the prime factors of 2160513965?
5, 5647, 76519
What are the prime factors of 2988159560?
2, 5, 257, 290677
What are the prime factors of 12874328?
2, 41, 39251
What are the prime factors of 44348994?
2, 3, 2463833
What are the prime factors of 296930849?
571, 520019
What are the prime factors of 2659457571?
3, 293, 599, 5051
What are the prime factors of 37474778?
2, 11, 1703399
List the prime factors of 10549908.
2, 3, 59, 4967
List the pr